-98 + 5/10*-2. What is the remainder when (-382)/(-18) - (-22)/b is divided by g(5)?
5
Let k = 336 + -283. What is the remainder when k is divided by 2?
1
Let p = 1935 + -1880. Calculate the remainder when 262 is divided by p.
42
Let x(i) = 2 - 8 + i**3 + 27*i**2 - 4*i**2 - 2*i + i. What is the remainder when 61 is divided by x(-23)?
10
Suppose g + 17*s - 12*s - 24 = 0, s = -4*g + 20. Calculate the remainder when 98 is divided by g.
2
Calculate the remainder when 149 is divided by (-6)/(-2) + (-1)/1 + 48.
49
Suppose -6*m + 2*m + 8 = 0. Suppose 4*b = -4*n - 0*n + 296, -5*n + m*b = -363. Calculate the remainder when n is divided by (1 - -1)/((-2)/(-19)).
16
Suppose 0 = -p - 3*p + 24. Let t(a) = a**2 + 3*a + 5. Let d(x) = 2*x**3 + 4*x**2 + 2*x. Let s be d(-2). What is the remainder when t(s) is divided by p?
3
Suppose -5*f - 2*b + 37 = 0, 18*b = 3*f + 21*b - 24. What is the remainder when 8 is divided by f?
1
Let y(w) = -18*w + 13. What is the remainder when y(-15) is divided by 18?
13
Suppose 53*v - 1723 = 4266. Calculate the remainder when v is divided by 58.
55
Let p be (-4)/5*30/(-4). Suppose -p*l = 4*l - 150. Calculate the remainder when 43 is divided by l.
13
What is the remainder when 17 is divided by 2 + 2 - (16 - 22)?
7
Suppose 0 = -1620*h + 1608*h + 576. Calculate the remainder when 229 is divided by h.
37
Let q be 2/(-1)*(-35)/7. Suppose -q - 24 = -y. What is the remainder when y is divided by 13?
8
Let d = 90 - -68. Calculate the remainder when d is divided by 32.
30
Let k = -191 - -407. Suppose -3*v = -2*v - 125. Let q = k - v. What is the remainder when q is divided by 31?
29
Let o(w) = -w - w**3 - 1 - 9*w**2 - 6*w + 5. Let i be o(-8). Calculate the remainder when i/(-6) + 102/9 is divided by 7.
5
Let r(w) = 5*w**2 - 7*w + 3. What is the remainder when 5 is divided by r(1)?
0
Let x = -1071 - -1075. What is the remainder when 410 is divided by x?
2
Suppose 7 = -7*z + 84. Let w = 12 - 6. What is the remainder when z is divided by w?
5
Suppose -19 + 7 = -4*o - 3*n, 5*o + 4*n = 15. Suppose o*h + h - 2*q - 18 = 0, -2*h + 21 = 3*q. What is the remainder when 9 is divided by h?
3
Let v be 32/(-1) - -4*2/(-8). Let i = -10 - v. What is the remainder when i is divided by 13?
10
Suppose -g + 56 + 191 = 0. What is the remainder when g is divided by 16?
7
Suppose 6*j - 12 = 3*j. Suppose -68 = -4*n + 4*u, j*u = 3*n - 29 - 17. What is the remainder when n is divided by 6?
4
Suppose 0 = -2*k - 3*h + 161, 0*k - 3*k + 5*h = -213. What is the remainder when 302 is divided by k?
74
Let b(c) be the first derivative of 7*c**2 + 2*c + 6. What is the remainder when 46 is divided by b(1)?
14
What is the remainder when 53 is divided by 1362/34 - (-233)/(-3961)?
13
Suppose 4*a - 369 = -3*s + 114, 4*s = -3*a + 357. What is the remainder when 368 is divided by a?
122
Let g be 9 - (-1 + 5 + 0). Suppose 4*i + 19 = 2*k - 13, 2*k + g*i = -4. Calculate the remainder when 23 is divided by k.
7
Let w(i) = 2*i + 7. Suppose -145 - 105 = -3*j - 4*h, -2*j = -h - 185. What is the remainder when j is divided by w(3)?
12
Let p(w) = -w**3 - 6*w**2 + 5*w + 8. What is the remainder when 83 is divided by p(-7)?
17
Suppose 0*r + 5*r = 45. Suppose -33 = -2*u + q, -3*u - 2*q + 30 = -23. Calculate the remainder when u is divided by r.
8
Suppose 2*v + 5*t + 4 = 0, t = -4*v + 2*t + 14. Let r(j) = -j**2 + 10*j - 19. What is the remainder when r(5) is divided by v?
0
Let c(m) = 7*m - 14. Let u = -50 + 174. Calculate the remainder when u is divided by c(5).
19
What is the remainder when 1199 is divided by ((-330)/(-10))/(-11) + 22 + 1?
19
Suppose 0 = -5*c - 5*p + 330, -c - 4*p = 14 - 95. Let s(g) = 2*g**3 + g**2. Let r be s(2). Let h = 36 - r. Calculate the remainder when c is divided by h.
13
Suppose 4*u - 4347 = -65*u. What is the remainder when 99 is divided by u?
36
Let o(m) = m + 5. Let u be o(0). Suppose 4*v = -3*r - 5, v + u*r + 13 = -v. What is the remainder when 69 is divided by (-146)/(-6) + v/(-3)?
21
Let s(l) = l**3 - l**2 + 8*l - 8. Calculate the remainder when 64 is divided by s(3).
30
Let h be (2/7)/((-1)/(-7)). Suppose 0*x + h*x + 402 = 0. Let z = -108 - x. Calculate the remainder when z is divided by 19.
17
Let p(j) = 311*j + 20. Calculate the remainder when p(2) is divided by 46.
44
Let h = 63 + -37. Let g(x) = 72*x + 28. What is the remainder when g(1) is divided by h?
22
Let w = -18 + 27. Calculate the remainder when 19 is divided by w.
1
Let h(r) = r**3 + 24*r**2 - 26*r + 16. Let s(x) = -x**3 - 4*x**2 + 7*x + 3. Let q be s(-5). What is the remainder when h(-25) is divided by -3*(0 + 1*q)?
20
Suppose 0 = 5*a - 2*u - 29, -a + u + 9 = -u. Let k = 85 + -72. What is the remainder when k is divided by a?
3
What is the remainder when 7 + 196/4 + -6 is divided by 44?
6
Suppose 2*a + 50 = j, 3*j + 4*a - 93 = 17. What is the remainder when 53 is divided by j?
11
Suppose 0 = 2*o + 5*q - 368, -2*o + 587 = 2*q + 219. Suppose 4*k + m = 213, -4*m + 29 = -3*k + o. What is the remainder when k is divided by 28?
25
Suppose 6 = 3*n, 4*n - 26 = -2*p + 5*p. What is the remainder when 48 is divided by ((-8)/6)/((-3)/(-135)*p)?
8
Suppose 0 = 4*k + 37*k - 410. Calculate the remainder when 33 is divided by k.
3
Suppose 238 = -15*l + 32*l. Calculate the remainder when 54 is divided by l.
12
Suppose 10*p = 6*p. Suppose -o = b - p*o - 85, 0 = b + 5*o - 65. Calculate the remainder when b is divided by 23.
21
Suppose 2*j - 16 = 2*r, 0 = 3*j + 3 + 3. Let n = -8 - -21. What is the remainder when 72/r*(1 - 6) is divided by n?
10
Let x be 9/(27/12)*(-1)/(-2). What is the remainder when ((-17)/(-2))/(x/4) is divided by 5?
2
Let c = 537 + -518. Calculate the remainder when 91 is divided by c.
15
Suppose -72 = -2*y + 38. Let d = -212 - -240. Calculate the remainder when y is divided by d.
27
Suppose 4*c - 289 - 197 = 5*f, -4*f - 364 = -3*c. What is the remainder when 1735 is divided by c?
123
Suppose 0 = 5*y + 10, 6*b - 3*y = 2*b + 782. What is the remainder when b is divided by 28?
26
Let i(y) = 3*y**3 + 26*y**2 + 10*y - 1. Let b(j) = j**2 + 8*j - 10. Let h(v) = -4*v + 6. Let l be h(4). Calculate the remainder when i(-8) is divided by b(l).
7
Suppose -h = 5*z - 10, 3*z + 4*h = -2*z - 5. Suppose 0 = l - z*l + 116. Calculate the remainder when l is divided by (-1 + (0 - 22/8))*-4.
13
Suppose -2*x - 3 = -5*s + 11, 5*x = 4*s - 52. What is the remainder when (-1 - -7)*(-8)/x is divided by 2?
0
Let u(q) = -2*q - 14. Let n(w) = -w - 4. Let g be n(5). Let t be u(g). Let c(z) = z + 5. What is the remainder when 33 is divided by c(t)?
6
Calculate the remainder when 991 is divided by (7 + (-120)/12)*71/(-3).
68
Let p(v) = -5*v**2 + 136*v - 10. What is the remainder when 217 is divided by p(27)?
13
Let m be (-4)/6*24/(-16)*358. Suppose -2*j = -4*u + m, -4*u + 373 = 3*j - 2*j. Calculate the remainder when u is divided by 31.
30
Let k be 1/1 - (-46 + 1). Suppose -4*u = -2*u - k. Calculate the remainder when u is divided by 6.
5
Suppose -5*j - 4*t = -122, 10*j - 5*j - 128 = -t. Let x(a) = 9*a. Calculate the remainder when j is divided by x(1).
8
Let f be (-18 + 0)/((-12)/42). Let n = f - 29. Suppose 4*a + 18 = 6*a. Calculate the remainder when n is divided by a.
7
Let x be (-6)/(-4)*8/(-12). Let u be 100/12 - x/(-3). Suppose 56 + 32 = u*m. What is the remainder when 53 is divided by m?
9
Let a = -226 - -377. Let f = a + -133. Let m(k) = -k**3 + 8*k**2 - 5*k + 9. Calculate the remainder when m(6) is divided by f.
15
Suppose -4*h + 28 + 8 = 0. Let p(m) = -m**2 - 1. Let r(o) = 3*o**2 - 2*o - 6. Let s(w) = -4*p(w) - r(w). Calculate the remainder when s(-5) is divided by h.
7
Suppose 0 = n - 157 + 153. What is the remainder when 77 is divided by n?
1
Suppose z - 8 + 22 = 0. Let q be (-32)/z - (-18)/(-63). Suppose -5*v = l - 78, 4 = v + q. What is the remainder when l is divided by 14?
12
What is the remainder when 5 is divided by 1/(((-49)/7)/(-7))?
0
Let m(h) = 15*h**3 - h**2 - 6*h + 12. Calculate the remainder when 231 is divided by m(2).
115
Let x = -64 - 34. Let d = x + 56. Let p = 65 + d. What is the remainder when p is divided by 13?
10
Let n = -280 + 404. Suppose -2*u + n = v, -2*u = 3*u - v - 310. Calculate the remainder when u is divided by 13.
10
Suppose 3*n - 5 - 4 = 0, -5*n = 4*l - 15. Suppose l = 2*j + 3